l(r) be the first derivative of -2*r**2 - 10*r - 648. Let c(s) = -3*s - 10. Suppose -4*g + 1 + 23 = 0. Let t(q) = g*c(q) - 5*l(q). Give t(7).
4
Let f(d) = 129*d - 42. Let w(q) = -107*q + 43. Let v(l) = 5*f(l) + 6*w(l). Give v(-18).
-6
Let i(b) be the third derivative of -b**8/20160 + b**7/1008 + b**5/2 - 79*b**2. Let g(z) be the third derivative of i(z). Determine g(6).
-6
Let a be (72/(-30))/((-6)/40*-2). Let z be (48/15)/((-84)/(-10) + a). Let k(o) = -o**2 + 6*o + 3. Give k(z).
-13
Let l = 1 + 0. Suppose 87*q = 93*q - 288. Let d(h) = -129 + 39 + q - 6*h + 42. Give d(l).
-6
Let f(p) = -164906 + 10*p + 82457 - 2*p**2 + 82449. Determine f(6).
-12
Let k(i) = -i + 4. Let y = 207 + -115. Suppose m - y = 5*b, 4*b + m = -45 - 25. Let f be b/(-6) + 1/(-2)*-2. Determine k(f).
0
Let n(h) = h**2 + h - 6. Let k be 186/(-124)*(7/7)/((-1)/(-2)). Calculate n(k).
0
Let a(t) = -t**2 + t - 6. Let b = 31 + 5. Let n = -63 + b. Let f(k) = 2*k + 54. Let v be f(n). Give a(v).
-6
Suppose 5*o = o + 12. Let p(h) = -12053*h + 1 - 12004*h + 0 + 24062*h + 1. Calculate p(o).
17
Let c be (1 + -2 + 23)*2/(-4). Let b(k) = -15*k + 22. Let h(z) = 3*z - 4. Let l(o) = c*h(o) - 2*b(o). Determine l(1).
-3
Let m(d) be the second derivative of -d**5/30 - d**4/3 - 5*d**3/3 + 114*d**2 - 298*d. Let q(n) be the first derivative of m(n). Calculate q(-4).
-10
Suppose -22*f = -7 - 37. Let o(r) = 8*r**f - r - 2*r**2 - r**3 + 0*r**3 - 5*r**2. Let v = -7 - -7. Give o(v).
0
Let n(p) = -4*p - 112. Suppose -5*g + 2*c = -60 + 198, -c = 6*g + 152. Determine n(g).
-8
Let v(i) = -7*i - 126. Suppose 5*p = 2*u - 51, -3*p + 3*u + 23 = 41. Determine v(p).
-35
Suppose -621 = -33*p - 103*p + 331. Let t(v) = -3*v**3 + 21*v**2 - v - 15. Calculate t(p).
-22
Let m(v) = 3*v**3 + 19*v**2 + 26*v + 52. Let k(y) = 4*y**3 + 18*y**2 + 27*y + 52. Let j(d) = 4*k(d) - 5*m(d). Give j(24).
-4
Let m(d) be the second derivative of -d**5/20 + 2*d**4/3 - d**3 - 6*d. Let c be 11 - -1 - (29 + -4 - 20). What is m(c)?
7
Let t(w) = w**2 - 7*w - 5. Let y(a) = -15*a**3 - a**2. Let j be y(1). Let b = j + 23. Calculate t(b).
-5
Let m(g) be the second derivative of -g**5/60 - g**4/4 + 7*g**3/6 + 47*g**2/2 - 48*g - 1. Let a(c) be the first derivative of m(c). What is a(-6)?
7
Let f(o) = -21369*o - 1 + 10682*o + 0 + 10686*o - 4 + 3. Let k = -2 + 3. Determine f(k).
-3
Let x(y) be the second derivative of 1/3*y**3 - 24*y - 1/20*y**5 - 3/2*y**2 + 0 + 1/4*y**4. What is x(3)?
3
Suppose 2*b - 696 = -5*q, 288 = 2*q - 3*b + 7*b. Let v(d) = -67*d**2 - 70*d**2 + 5 - 7*d + q*d**2 - 11*d. Give v(18).
5
Let m(v) = -v - 7. Suppose -z = 3*p - 95, 3*z - p + 28 = 343. Suppose -106*q - 8 = -z*q. What is m(q)?
-3
Let n(w) = w**3 - 2*w**2 - 3*w + 4. Let u be n(3). Let r(h) = 3 - 17*h + 0*h**2 + u*h**2 - 3*h**2 + 23*h. Determine r(-7).
10
Let c be 7 + -2*(-6)/(-2). Let a(j) be the first derivative of 4*j - c + 1/2*j**2. Give a(3).
7
Let y(r) = -r**2 + 9*r - 9. Let c be y(7). Let u(o) be the first derivative of -1/2*o**2 + o - 4. Determine u(c).
-4
Let c(z) = -49*z - 8. Let l(v) = 216*v + 34. Let i(q) = -9*c(q) - 2*l(q). What is i(6)?
58
Let m(j) be the first derivative of -5*j**2 - 546*j - 13721. Give m(-54).
-6
Let k(g) be the first derivative of -g**4/4 + g**3/3 - 67*g + 1316. Calculate k(0).
-67
Suppose 56 = -19*k + 33*k. Let t(j) be the first derivative of -j**4/4 + 2*j**3 + 3*j**2/2 - 56. Determine t(k).
44
Let z(h) = -9*h**2 + 22 + 9*h - 26 - 5*h**3 + 4*h**3. Let s be z(-10). Let i(m) = -8 + 0 - 1 + 2*m + 6. Calculate i(s).
9
Let c = -19274 + 19274. Let x(q) be the third derivative of -11*q**2 + c - 1/12*q**4 + 1/3*q**3 + 0*q. Determine x(-2).
6
Suppose -4*u + 14 = 3*u. Let z(o) = 17 - 15 + o - 5*o + 0*o. What is z(u)?
-6
Let u(x) be the first derivative of x**3/3 - 15*x**2/2 + 28*x - 1211. Give u(13).
2
Suppose -4*a + 78 = -2*n, 96*a - n = 91*a + 105. Let d(f) = -f**3 + 21*f**2 + 21*f + 11. Determine d(a).
-11
Let t(f) = 15*f - 9*f**2 + 2 + 11*f**2 - 13*f - 1. Let m be t(-2). Suppose 11*q - m = 6*q. Let o(l) = 3*l**3 - l**2 - l + 1. Determine o(q).
2
Suppose -3*y - 10 = 4*i - 25, 3*y = i + 15. Let z(m) = -m**3 - 2*m**2 - m + 6. Calculate z(i).
6
Let c be (-46)/(-4) - (-15)/10. Suppose -4*a + 9 = 4*p - a, 0 = 3*p - 4*a - c. Let f(k) = -k**2 - 3*k**2 + k + 0*k**2 - 5 + p*k**2. What is f(0)?
-5
Let m = 69 + -65. Let a(x) = x**2 + x - 3. Let f be a(-3). Let y(q) = 2*q + m*q - q + 2 - f*q + 3*q**2 - q**3. Calculate y(3).
8
Let x(t) = 89 + 28 - 212 + 70*t + 24. Give x(1).
-1
Let s be (-6)/(-4) - (-3477)/(-38). Let i = s - -97. Let x(m) = -5*m + m**2 - 2*m + 8*m + 16 - i. Give x(0).
9
Suppose 0 = 181*y - 185*y + 8. Let w(j) = -46*j + 0 + j**2 - 46*j + 95*j + y. Determine w(-6).
20
Suppose 3*x + z = 11, 2*x - 5*z + 2 + 2 = 0. Let b be 4/(-1*-2*1). Suppose 11 - b = x*v. Let l(k) = 2*k - 2. What is l(v)?
4
Let t(y) = -10*y**2 + 338*y + 62. Let c be t(34). Let n(g) = g**3 + g**2 - 15*g - 6. Give n(c).
-96
Let d(y) = -y**3 + 11*y**2 + 19*y - 11. Suppose 4*f + 7*r = 15 + 2, 0 = -2*f - 5*r + 1. Give d(f).
-102
Suppose -i + t = 5*t + 4, 3 = -t. Suppose 5*d + i = -p + 29, 2*d = 3*p + 5. Let j(w) = -w**3 + 7*w**2 - 10*w + 1. Determine j(d).
9
Let g(m) = 2*m - 12. Let x(k) = -2*k**2 - k + 186. Let h be x(0). Let t = h - 176. Determine g(t).
8
Let q(k) = -12*k**3 + 5*k + 5. Let r(i) = i**3 - 19*i**2 - 254*i + 54. Let v be r(28). What is q(v)?
91
Let s(t) = -t**3 - 53*t**2 - t - 56. Let q be s(-53). Let w(n) = 2*n**2 - 5. Calculate w(q).
13
Suppose -2 + 6 = -2*o. Let n(r) = -r + 1. Let t be n(o). Suppose 0 = t*j - 11 - 4. Let q(d) = -d**3 + 5*d**2 - d - 2. Determine q(j).
-7
Let k(g) = 5*g - 5. Suppose -195 = 4*r - 207. Suppose -i = -3*x + 28 - 12, -5*x - r*i + 8 = 0. Give k(x).
15
Let o(w) = 8*w + 18*w - 55*w + 18*w + 5 + 0. Calculate o(5).
-50
Let f be 4/(-12)*3*-2. Suppose -12*o - 30 = -f*o. Let w(m) = 4*m**2 - 1 - m**2 + 0*m**2 + m**3 - m. Give w(o).
2
Let h(u) be the first derivative of u**3 - 6*u**2 + 12*u + 820. Determine h(4).
12
Let t = 26 + -24. Let c(x) = -2*x - 37*x**t + 2*x**3 - 19 + 39*x**2 + 20. Suppose 4*p = -3*k - 1, 0 = -p - p + 5*k + 19. What is c(p)?
21
Let n(s) = -2*s + 4*s - 8 + 2*s. Let l(d) = 4784*d - 19143. Let m be l(4). Calculate n(m).
-36
Let n(j) = 27*j + 185. Suppose 3 = 10*r + 73. Let t be n(r). Let y(k) be the second derivative of k**3/2 + 3*k**2/2 - k. Determine y(t).
-9
Let d(i) = -11*i**2 - 9. Let l(p) = -p**2 - 9*p + 8. Let q be l(0). Let j(f) = 7*f**2 + 6. Let o(v) = q*j(v) + 5*d(v). Give o(0).
3
Let h(i) be the second derivative of i**5/20 + 17*i**4/3 + 371*i**3/6 - 24*i**2 + i - 1381. What is h(-62)?
14
Let s(l) = l**3 + 6*l**2 - 53*l + 24. Let z be s(-11). Let a(n) = -9*n**2 + 11*n**2 + 11 - 3*n**z - 2 + 12*n. Determine a(13).
-4
Let d(r) = -2*r**2 - 16*r + 9. Let i be d(-9). Let t be (6/(-9))/(((-8)/i)/4). Let p(s) = -3*s**2 - 2*s - 3. What is p(t)?
-24
Let p(k) = k**2 - 29*k + 12. Let j be p(29). Let m(i) = j - 2*i - 45*i + 46*i. Determine m(6).
6
Let i(q) be the first derivative of q**4/4 - 11*q**3/3 - 5*q**2 + 13*q - 6192. Suppose 0 = 12*h - 17*h + 60. Give i(h).
37
Let c = -11 + 7. Let b(i) = -1595*i - 7*i**2 + 1590*i + 5 + 0*i**2. Let k(w) = 15*w**2 + 11*w - 10. Let g(o) = 13*b(o) + 6*k(o). Give g(c).
-15
Let l(g) be the second derivative of -7*g**3/6 - 3*g**2 + 54*g - 9. Calculate l(-10).
64
Let y(c) = -17*c + 1. Let l be y(1). Let a = 29 + l. Let z(b) = 6*b - 2*b**2 - 2*b - 14 + a. Calculate z(3).
-7
Let f(o) = -o**2 - 15*o - 28. Let x = 18661 - 18681. What is f(x)?
-128
Let i(s) be the second derivative of -s**4/12 - s**3/3 + 35*s**2/2 - 4884*s. Calculate i(-13).
-108
Let i(k) = k**3 + 4*k**2 + k. Let a(d) = -d**2 - 20*d - 11. Let y be a(-19). Let q be -2*8/y*(-18)/(-4). Let p be (-2 + -1)/(q/(-6)). What is i(p)?
6
Suppose -5 = -5*j + 10. Let u(i) = -4*i**2 + 6*i + 59*i**3 + 58*i**3 - 3*i - 166*i**3 + 50*i**3 - 3. Determine u(j).
-3
Let v(q) = q - 8. Let z(c) = -c**2 - 5*c - 64. Let u be z(0). Let x = -59 - u. What is v(x)?
-3
Let b(o) = -5*o**2 - 2*o + 10. Let a(t) = -t**3 + 24*t**2 - 18*t - 119. Let v be a(23). Give b(v).
-62
Let q(l) be the third derivative of -l**4/12 - 5*l**3/2 - 101*l**2 + 2*l. Let a = -14 - 0. Calculate q(a).
13
Let s(k) = 464*k - 913*k + 447*k + 47. What is s(23)?
1
Let t(h) be the third deri